 + 2*n - 4. Suppose 4*s = 0, 0*g - 5*s + 8 = 2*g. Suppose 0 = -u - 1 - g. What are the prime factors of p(u)?
11
Let c(b) = -b**2 - 8*b + 8. Let a be c(-9). Let u be (-33*1)/(a/1). Suppose -2*v = v - u. What are the prime factors of v?
11
Let w = 191 + -34. What are the prime factors of w?
157
Suppose n + 488 = 4*o, -2*o = 3*o - 5*n - 610. What are the prime factors of o?
2, 61
List the prime factors of (-75)/(6*2/(-8)).
2, 5
Let n = -2 + 8. Let a be (3 - 3) + n - 1. Suppose 0*y - 3*b = -3*y + 15, a*y = -5*b + 25. What are the prime factors of y?
5
Let k = -77 + 108. Suppose -3*j = j - 76. Suppose -j - k = -5*y. List the prime factors of y.
2, 5
Let y = -79 - -132. List the prime factors of y.
53
Let g(w) = 3*w**2 + 5*w + 6. Let a be g(-3). Suppose 11 = 3*k - 4. Let y = a - k. List the prime factors of y.
13
Suppose -4 = 2*t - 0, -3*l = -2*t - 142. What are the prime factors of l?
2, 23
Suppose -1056 = -5*b - 3*b. List the prime factors of b.
2, 3, 11
Suppose y + 38 = 3*y. What are the prime factors of y?
19
Suppose -111 = -0*h - 3*h. Let p = h - 25. List the prime factors of p.
2, 3
Let r(s) = -s**3 - 4*s**2 + 3*s + 18. List the prime factors of r(-8).
2, 5
Let f(r) = r. Let h be f(-3). List the prime factors of (-10)/h*6/4.
5
Suppose 0 = -n - 4*n. Suppose n = g + 3, -18 = -s - 0*g + 5*g. Suppose s*t = 7*t - 40. What are the prime factors of t?
2, 5
Let s(z) = -4*z - 10. Let f be s(10). Let p = 88 + f. What are the prime factors of p?
2, 19
Let x be 0/(2/(-3)*-3). Suppose 20 = -4*g, 2*j - 1 + 8 = -5*g. Let w = x + j. What are the prime factors of w?
3
Let j(r) = -r**3 + 12*r**2 - 11*r + 7. Suppose -4*c + 33 = -c. Let q be j(c). Let s = 11 - q. What are the prime factors of s?
2
Let v(r) = -5*r + 5 + 0*r - 2*r. List the prime factors of v(-5).
2, 5
Let q be 0 - 6/9*-3. Suppose 5*s + 5 = -0*s + 4*k, 31 = q*s + 5*k. Let y(f) = 7*f - 2. List the prime factors of y(s).
19
Let u(z) = 2*z + 5. Let o be u(-4). Let h be o/(-2*(-1)/2). What are the prime factors of 2/h - (-87)/9?
3
What are the prime factors of ((-15)/6)/((-5)/110)?
5, 11
What are the prime factors of (-3 + 5 + 37)*1?
3, 13
Suppose k - 5*l - 27 = 0, -k - 37 = -4*k + 4*l. List the prime factors of k.
7
Let i = -12 - -38. List the prime factors of i.
2, 13
Let q = -2 + 5. Suppose -6 = q*a, -3*r + 34 = 2*r + 3*a. List the prime factors of r.
2
Suppose m + i = 3, -i + 31 = 9*m - 4*m. What are the prime factors of m?
7
Let r(f) = -f**2 - 5*f + 2. Let q be r(-5). Suppose -c - 3*d + 27 - q = 0, 2*d = -4*c + 120. What are the prime factors of c?
31
What are the prime factors of (-2)/14 + 11552/112?
103
Let s = 2 + 1. Suppose 3*w + 3 = 0, 3*l - s*w + 6*w = 312. Suppose -7*m + l = -2*m. List the prime factors of m.
3, 7
Let k(s) = 9*s**2 + s - 9. What are the prime factors of k(-4)?
131
Suppose -4*y + 222 = 30. List the prime factors of y.
2, 3
Suppose -10 = -0*l - l. Let j be (l/6)/(1/3). Suppose 5*y - 62 = -j*r + 28, 15 = y - 2*r. List the prime factors of y.
17
Let t(o) = o - 1. Let x = -2 + 4. Suppose -r - x*r + 12 = 0. List the prime factors of t(r).
3
List the prime factors of (3/3)/(4 + (-43)/11).
11
What are the prime factors of ((-6)/15)/((-3)/285)?
2, 19
Let z(p) be the first derivative of -p**3/3 + 4*p**2 + 5*p - 4. List the prime factors of z(7).
2, 3
Let l(w) = -w + 9. Suppose 0 = -c, -s = s - 5*c - 4. Let v = 2 + s. What are the prime factors of l(v)?
5
Let y be (-2)/(-9) - (-345)/27. Let q(r) = -r**2 - 5*r - 7. Let t be q(-3). What are the prime factors of t - (-1)/(1/y)?
2, 3
Suppose 0*y = 2*y. Suppose -z - 4*r = -y*z - 42, -2*r - 10 = 0. What are the prime factors of z/6 - (-3)/(-9)?
2, 5
Let p = 165 + -93. List the prime factors of p.
2, 3
Let m(w) = w**2 - 5*w + 9. Let o be -1*9/(-6)*4. Let p be m(o). Suppose -5*q = p - 70. List the prime factors of q.
11
What are the prime factors of ((-1)/(-2))/((-1)/(-384)*1)?
2, 3
Suppose 20 = -5*l, -g + l + 3 = 11. Let k(a) = -a**2 - 15*a - 3. List the prime factors of k(g).
3, 11
Let c = 424 + -269. List the prime factors of c.
5, 31
Let k(t) = 4*t**3 - t**2 + 2*t - 1. Let o be k(1). Suppose o*s + 20 = 5*d, 4*d + 0*s - 2*s = 10. Suppose -f - 2*f + 15 = d. What are the prime factors of f?
5
Let y(d) = 6*d**2 - d + 2. Let k be (-1)/(-2*3/12). List the prime factors of y(k).
2, 3
Suppose 3*p - 144 = -4*d, -3*p + 144 = 3*d - 4*d. What are the prime factors of p?
2, 3
Suppose 3 = 5*k - 4*k. What are the prime factors of k?
3
Suppose u - 2*w - 230 = -3*w, 5*w + 260 = u. List the prime factors of u.
5, 47
Let y = 9 - 6. Suppose y*k - 3 = 6. Suppose 2*g - k*g = -12. What are the prime factors of g?
2, 3
Suppose 3*t - 4*r = 114, 5*t - 2*t = -2*r + 132. What are the prime factors of t?
2, 3, 7
Suppose 3*w - 3*c - 6 = 4*w, -3 = 3*w + 4*c. Let d = 1 + w. Suppose 2*p + 5*z = -3 + 21, -z = -d*p + 36. What are the prime factors of p?
3
Let s = -7 + 7. Let q(h) = -h**2 - h + 3. Let o be q(s). Let j(z) = z**2 + z + 1. List the prime factors of j(o).
13
Suppose -12 - 98 = -5*c. Let h be (2/(-4))/(1/c). Let w(k) = k + 15. List the prime factors of w(h).
2
Suppose -3*i - 96 = 3*s, 4*s - 2*i + 133 = -i. Let y be (-1)/(s/(-12) + -3). Suppose 0 = -5*o + 20, y*x - 33 = -4*o + 15. List the prime factors of x.
2
Suppose q - 3*f - 32 = 0, 0*f - 160 = -5*q - f. List the prime factors of q.
2
Let w(u) = -u**3 + 7*u**2 - 5*u + 2. Let p be w(6). Suppose -2*m + 3*d = p*d - 28, 0 = -4*m + 4*d. Suppose -h - 15 = -m*h. List the prime factors of h.
5
Suppose 4*n - g - 18 = 0, -2*g = -n - 0*n + 1. Let r be (9/1)/(21/70). Suppose n*j = -x + r, -3*j = -5*j + 3*x - 5. What are the prime factors of j?
5
Suppose -3*p + 321 = 33. What are the prime factors of p?
2, 3
Suppose -5*t + 7*t - 96 = 0. What are the prime factors of t?
2, 3
Let q = 8 + -7. Suppose b = 10 + q. List the prime factors of b.
11
Suppose -2*t + a + 160 = 3*a, -2*a = -2*t + 160. List the prime factors of t.
2, 5
Suppose 0 = -g - y, -5*g = y - 16 - 4. Suppose t - g = -5*h, -1 = 2*h + 1. What are the prime factors of t?
2, 5
Suppose c = -0*c - 2. Let f be 84/(-15) + c/5. Let y(a) = -a + 4. What are the prime factors of y(f)?
2, 5
Let x be (-120)/(-28) - 2/7. Suppose 0 = x*w + o - 109, -3*w + 47 = -o - 26. List the prime factors of w.
2, 13
Let l = 37 - 9. Suppose -l = -2*i + 4. What are the prime factors of i?
2
Suppose -5*f - 87 = 3*l, 3*l + 37 = -4*f - 35. Let p = -8 - f. What are the prime factors of p?
7
Suppose 0 = -3*t + 3, 2 = 4*r - 3*t - 7. Let z = 7 - r. Let u(l) = 4*l - 5. List the prime factors of u(z).
11
Let w = 9 + -6. List the prime factors of w/((-7)/(483/(-9))).
23
Suppose k + 93 = 2*o, -3*k = -4*o + 183 + 2. Let q = o + -34. List the prime factors of q.
13
Suppose -3*l = 3*z - 6, 3*l - 2*z = 7*l - 12. Suppose 0 = m - 6 + l. Suppose m = -w + 6. List the prime factors of w.
2
Let x = 17 - 12. Suppose l = 2*o + 13, -o = x*l - 3*o - 57. What are the prime factors of l?
11
Suppose 0 = -n + 3*j + 58, 5*j = -3*n + 116 + 30. List the prime factors of n.
2, 13
Suppose -z + 3*u - u + 133 = 0, 4*z - 4*u = 516. List the prime factors of z.
5
Let q(t) = -3*t - 3. What are the prime factors of q(-3)?
2, 3
Let n = 75 + -17. What are the prime factors of n?
2, 29
Let i(z) = 23*z - 4. Let u be i(8). Suppose -4*l + u = -g, 2*l - 84 = 3*g - g. List the prime factors of l.
2, 23
Suppose 3*t = -0*t + 123. What are the prime factors of -8 + t - 1*-3?
2, 3
Let o = 678 - 388. What are the prime factors of o?
2, 5, 29
Suppose 2*s + 19 = v + 8, -4*v - 4 = 0. Let h = 12 + s. List the prime factors of h.
2, 3
Let f(b) be the second derivative of b**4/12 - b**3/6 - 3*b**2 + 5*b. What are the prime factors of f(6)?
2, 3
Suppose 4*b + 415 = 3*j + 65, 310 = 3*j + 4*b. What are the prime factors of j?
2, 5, 11
Let t(q) = 103*q + 2. List the prime factors of t(1).
3, 5, 7
Let g(z) = -3*z**3 + 2*z + 2. Let d(h) = h**3 - h**2 + h - 1. Let v(c) = -2*d(c) - g(c). Let r be v(-3). List the prime factors of (-11)/r*(-3 + 0).
11
Suppose -3*a + 168 = -5*t, -t - t = 0. What are the prime factors of a?
2, 7
Suppose 0*q = q - 44. Suppose -4*o + q = -8. What are the prime factors of o?
13
Let r(a) = 3 - 2*a + 0 + 1. Let k be r(-4). What are the prime factors of ((-2)/3)/((-4)/k)?
2
Suppose 5*d - 175 = 145. Suppose -d = -5*n + k, 5*n + 3